t is the remainder when 3447 is divided by 15?
12
Calculate the remainder when 14848 is divided by 99.
97
Calculate the remainder when 65 is divided by 17.
14
What is the remainder when 269 is divided by 40?
29
Calculate the remainder when 2542 is divided by 26.
20
What is the remainder when 3526 is divided by 72?
70
Calculate the remainder when 300 is divided by 68.
28
What is the remainder when 521 is divided by 48?
41
What is the remainder when 5068 is divided by 16?
12
Calculate the remainder when 5 is divided by 3.
2
Calculate the remainder when 173 is divided by 30.
23
What is the remainder when 722 is divided by 23?
9
What is the remainder when 263 is divided by 135?
128
What is the remainder when 285 is divided by 69?
9
What is the remainder when 217 is divided by 54?
1
Calculate the remainder when 1425 is divided by 185.
130
What is the remainder when 185 is divided by 45?
5
What is the remainder when 54126 is divided by 113?
112
What is the remainder when 360 is divided by 53?
42
Calculate the remainder when 221 is divided by 70.
11
What is the remainder when 4686 is divided by 361?
354
Calculate the remainder when 243 is divided by 151.
92
What is the remainder when 1912 is divided by 28?
8
What is the remainder when 396 is divided by 29?
19
What is the remainder when 99 is divided by 49?
1
Calculate the remainder when 47 is divided by 12.
11
Calculate the remainder when 139 is divided by 3.
1
What is the remainder when 123 is divided by 6?
3
What is the remainder when 301 is divided by 8?
5
What is the remainder when 31 is divided by 18?
13
What is the remainder when 431 is divided by 7?
4
Calculate the remainder when 738 is divided by 53.
49
What is the remainder when 633 is divided by 58?
53
What is the remainder when 56 is divided by 19?
18
What is the remainder when 1387 is divided by 29?
24
Calculate the remainder when 114 is divided by 24.
18
Calculate the remainder when 971 is divided by 101.
62
Calculate the remainder when 36 is divided by 6.
0
Calculate the remainder when 1911 is divided by 40.
31
What is the remainder when 75 is divided by 11?
9
What is the remainder when 252 is divided by 248?
4
Calculate the remainder when 238 is divided by 79.
1
Calculate the remainder when 258 is divided by 87.
84
Calculate the remainder when 46609 is divided by 59.
58
What is the remainder when 196 is divided by 100?
96
What is the remainder when 137 is divided by 71?
66
What is the remainder when 362 is divided by 52?
50
What is the remainder when 3240 is divided by 3237?
3
What is the remainder when 141 is divided by 92?
49
What is the remainder when 411 is divided by 38?
31
Calculate the remainder when 90 is divided by 48.
42
Calculate the remainder when 6639 is divided by 40.
39
Calculate the remainder when 271 is divided by 56.
47
What is the remainder when 117 is divided by 74?
43
What is the remainder when 765 is divided by 19?
5
Calculate the remainder when 345 is divided by 325.
20
Calculate the remainder when 120 is divided by 29.
4
Calculate the remainder when 3241 is divided by 6.
1
Calculate the remainder when 258 is divided by 68.
54
Calculate the remainder when 69 is divided by 32.
5
What is the remainder when 182 is divided by 6?
2
Calculate the remainder when 584 is divided by 196.
192
Calculate the remainder when 215 is divided by 100.
15
Calculate the remainder when 380 is divided by 98.
86
What is the remainder when 107 is divided by 22?
19
What is the remainder when 56 is divided by 43?
13
What is the remainder when 2069 is divided by 66?
23
Calculate the remainder when 281 is divided by 16.
9
Calculate the remainder when 683 is divided by 70.
53
Calculate the remainder when 11218 is divided by 132.
130
Calculate the remainder when 908 is divided by 135.
98
Calculate the remainder when 119 is divided by 43.
33
Calculate the remainder when 265 is divided by 261.
4
What is the remainder when 180 is divided by 66?
48
Calculate the remainder when 4959 is divided by 155.
154
Calculate the remainder when 679 is divided by 55.
19
Calculate the remainder when 191 is divided by 16.
15
Calculate the remainder when 272 is divided by 58.
40
Calculate the remainder when 107 is divided by 55.
52
Calculate the remainder when 99 is divided by 13.
8
What is the remainder when 53 is divided by 5?
3
What is the remainder when 49 is divided by 13?
10
Calculate the remainder when 493 is divided by 126.
115
Calculate the remainder when 737 is divided by 366.
5
What is the remainder when 1579 is divided by 79?
78
Calculate the remainder when 1443 is divided by 66.
57
Calculate the remainder when 139 is divided by 80.
59
Calculate the remainder when 1958 is divided by 970.
18
Calculate the remainder when 346 is divided by 18.
4
Calculate the remainder when 79 is divided by 48.
31
What is the remainder when 288 is divided by 84?
36
Calculate the remainder when 321 is divided by 135.
51
Calculate the remainder when 2302 is divided by 7.
6
What is the remainder when 10 is divided by 9?
1
Calculate the remainder when 407 is divided by 97.
19
Calculate the remainder when 975 is divided by 20.
15
What is the remainder when 1049 is divided by 514?
21
What is the remainder when 44 is divided by 26?
18
What is the remainder when 57 is divided by 5?
2
Calculate the remainder when 314 is divided by 4.
2
Calculate the remainder when 309 is divided by 44.
1
Calculate the remainder when 252 is divided by 25.
2
Calculate the remainder when 457 is divided by 284.
173
Calculate the remainder when 4746 is divided by 144.
138
What is the remainder when 322 is divided by 55?
47
Calculate the remainder when 945 is divided by 48.
33
Calculate the remainder when 151 is divided by 43.
22
What is the remainder when 919 is divided by 37?
31
What is the remainder when 154 is divided by 55?
44
Calculate the remainder when 2752 is divided by 51.
49
What is the remainder when 573 is divided by 214?
145
Calculate the remainder when 192 is divided by 75.
42
What is the remainder when 86 is divided by 29?
28
Calculate the remainder when 263 is divided by 134.
129
What is the remainder when 239 is divided by 121?
118
What is the remainder when 920 is divided by 259?
143
Calculate the remainder when 1220 is divided by 152.
4
What is the remainder when 14121 is divided by 107?
104
What is the remainder when 2079 is divided by 353?
314
Calculate the remainder when 381 is divided by 126.
3
What is the remainder when 224 is divided by 85?
54
Calculate the remainder when 414 is divided by 24.
6
What is the remainder when 159 is divided by 5?
4
Calculate the remainder when 89 is divided by 29.
2
What is the remainder when 104 is divided by 38?
28
Calculate the remainder when 1281 is divided by 144.
129
Calculate the remainder when 58 is divided by 4.
2
Calculate the remainder when 790 is divided by 44.
42
Calculate the remainder when 751 is divided by 145.
26
Calculate the remainder when 387 is divided by 119.
30
What is the remainder when 1825 is divided by 183?
178
Calculate the remainder when 570 is divided by 44.
42
Calculate the remainder when 42 is divided by 11.
9
What is the remainder when 18 is divided by 8?
2
What is the remainder when 90 is divided by 23?
21
Calculate the remainder when 607 is divided by 15.
7
What is the remainder when 78 is divided by 20?
18
What is the remainder when 293 is divided by 14?
13
What is the remainder when 2697 is divided by 65?
32
Calculate the remainder when 691 is divided by 12.
7
Calculate the remainder when 391 is divided by 28.
27
What is the remainder when 76 is divided by 21?
13
What is the remainder when 1046 is divided by 6?
2
What is the remainder when 921 is divided by 901?
20
What is the remainder when 1586 is divided by 69?
68
What is the remainder when 2276 is divided by 11?
10
What is the remainder when 1024 is divided by 38?
36
Calculate the remainder when 64 is divided by 61.
3
What is the remainder when 1554 is divided by 39?
33
What is the remainder when 7229 is divided by 241?
240
What is the remainder when 79 is divided by 71?
8
Calculate the remainder when 2945 is divided by 11.
8
Calculate the remainder when 800 is divided by 89.
88
Calculate the remainder when 35 is divided by 4.
3
Calculate the remainder